{"id":148,"date":"2019-04-09T07:26:23","date_gmt":"2019-04-09T05:26:23","guid":{"rendered":"http:\/\/www.telegrafia.sk\/erp\/?page_id=148"},"modified":"2025-11-26T14:02:30","modified_gmt":"2025-11-26T13:02:30","slug":"microsoft-office-365","status":"publish","type":"page","link":"https:\/\/www.telegrafia.sk\/erp\/produkty\/microsoft-office-365\/","title":{"rendered":"Microsoft Office 365"},"content":{"rendered":"<div class=\"wpb-content-wrapper\"><p>[vc_row full_width=&#8220;stretch_row_content&#8220; content_placement=&#8220;middle&#8220;][vc_column css=&#8220;.vc_custom_1569499548456{padding-top: 10% !important;padding-bottom: 12% !important;background-image: url(\/erp\/wp-content\/uploads\/sites\/3\/2019\/05\/bg-office-365.jpg?id=307) !important;background-position: center !important;background-repeat: no-repeat !important;background-size: cover !important;}&#8220; offset=&#8220;vc_hidden-sm vc_hidden-xs&#8220;][vc_row_inner container_type=&#8220;fluid&#8220;][vc_column_inner width=&#8220;1\/2&#8243;][\/vc_column_inner][vc_column_inner width=&#8220;1\/2&#8243;][vc_custom_heading text=&#8220;Microsoft Office 365&#8243; font_container=&#8220;tag:h1|font_size:60|text_align:center|color:%23505050&#8243; use_theme_fonts=&#8220;yes&#8220;][\/vc_column_inner][\/vc_row_inner][\/vc_column][\/vc_row][vc_row full_width=&#8220;stretch_row_content&#8220; content_placement=&#8220;middle&#8220;][vc_column css=&#8220;.vc_custom_1569499595485{margin-bottom: 4% !important;background-image: url(\/erp\/wp-content\/uploads\/sites\/3\/2019\/05\/bg-office-365.jpg?id=307) !important;background-position: center !important;background-repeat: no-repeat !important;background-size: cover !important;}&#8220; offset=&#8220;vc_hidden-lg vc_hidden-md&#8220;][vc_row_inner container_type=&#8220;fluid&#8220;][vc_column_inner width=&#8220;1\/2&#8243;][\/vc_column_inner][vc_column_inner width=&#8220;1\/2&#8243; css=&#8220;.vc_custom_1569847614023{padding-top: 25% !important;padding-bottom: 15% !important;}&#8220;][vc_custom_heading text=&#8220;Microsoft<br \/>\nOffice 365&#8243; font_container=&#8220;tag:h1|font_size:30|text_align:right|color:%23505050&#8243; use_theme_fonts=&#8220;yes&#8220;][\/vc_column_inner][\/vc_row_inner][\/vc_column][\/vc_row][vc_row full_width=&#8220;stretch_row_content&#8220;][vc_column css=&#8220;.vc_custom_1573039921864{padding-top: 2% !important;padding-bottom: 2% !important;}&#8220;][vc_custom_heading text=&#8220;Pracujte \u010do najefekt\u00edvnej\u0161ie s aplik\u00e1ciami a slu\u017ebami Office 365&#8243; font_container=&#8220;tag:h2|font_size:30|text_align:center|color:%23ec2026&#8243; use_theme_fonts=&#8220;yes&#8220;][\/vc_column][\/vc_row][vc_row][vc_column width=&#8220;1\/2&#8243; css=&#8220;.vc_custom_1573039932344{padding-right: 4% !important;padding-left: 7% !important;}&#8220;][vc_column_text]<strong>Office 365 <\/strong>je cloudov\u00e1 predplaten\u00e1 slu\u017eba, ktor\u00e1 v sebe sp\u00e1ja tie najlep\u0161ie n\u00e1stroje pre s\u00fa\u010dasn\u00fd sp\u00f4sob pr\u00e1ce. Kombinuje \u0161pi\u010dkov\u00e9 aplik\u00e1cie ako Excel a Outlook s v\u00fdkonn\u00fdmi cloudov\u00fdmi slu\u017ebami ako OneDrive a Microsoft Teams.<\/p>\n<p>Podnikov\u00e9 bal\u00ed\u010dky<strong> Office 365 <\/strong>s mno\u017estvom vz\u00e1jomne spolupracuj\u00facich programov a slu\u017eieb, prin\u00e1\u0161aj\u00fa mal\u00fdm a stredn\u00fdm podnikom mno\u017estvo v\u00fdhod.[\/vc_column_text][\/vc_column][vc_column width=&#8220;1\/2&#8243; css=&#8220;.vc_custom_1557123858822{padding-right: 4% !important;padding-left: 4% !important;}&#8220;][vc_column_text]Ich pou\u017e\u00edvan\u00edm zv\u00fd\u0161ite efektivitu spolupr\u00e1ce, u\u0161etrite svoj \u010das a umo\u017enite r\u00fdchlej\u0161iu pr\u00e1cu s v\u017edy aktu\u00e1lnymi dokumentami a inform\u00e1ci\u00e1m. V\u010faka mimoriadne preh\u013eadn\u00e9mu rozhraniu je <strong>ovl\u00e1danie maxim\u00e1lne intuit\u00edvne<\/strong> a z\u00e1rove\u0148 <strong>optimalizovan\u00e9 <\/strong>pre ovl\u00e1danie dotykom a stylusom.<\/p>\n<p>Z\u00e1rove\u0148 z\u00edskate pr\u00edstup k \u0161pi\u010dkov\u00fdm aplik\u00e1ci\u00e1m na podporu produktivity a najnov\u0161\u00edm n\u00e1strojom pre modern\u00fd sp\u00f4sob spolupr\u00e1ce a riadenia firmy z ak\u00e9hoko\u013evek miesta a zariadenia.[\/vc_column_text][\/vc_column][\/vc_row][vc_row full_width=&#8220;stretch_row_content&#8220;][vc_column offset=&#8220;vc_hidden-md vc_hidden-sm vc_hidden-xs&#8220;][vc_row_inner container_type=&#8220;fluid&#8220; css=&#8220;.vc_custom_1569840738317{background-image: url(\/erp\/wp-content\/uploads\/sites\/3\/2019\/04\/red_slice.png?id=28) !important;}&#8220;][vc_column_inner width=&#8220;1\/4&#8243;][vc_empty_space height=&#8220;100px&#8220;][vc_custom_heading text=&#8220;Blog&#8220; font_container=&#8220;tag:h2|font_size:50|text_align:center|color:%23ffffff&#8220; use_theme_fonts=&#8220;yes&#8220; link=&#8220;url:http%3A%2F%2Fwww.ekonomickysoftver-dynamicsnav.sk%2F||target:%20_blank|&#8220;][\/vc_column_inner][vc_column_inner width=&#8220;3\/4&#8243; css=&#8220;.vc_custom_1573029399641{padding-bottom: 3% !important;}&#8220;][vc_empty_space height=&#8220;100px&#8220;][vc_custom_heading text=&#8220;Office365 &#8211; ove\u013ea viac, ako len aplik\u00e1cie z kancel\u00e1rskeho bal\u00edka Office&#8220; font_container=&#8220;tag:h2|font_size:30|text_align:center|color:%23ffffff&#8220; use_theme_fonts=&#8220;yes&#8220; link=&#8220;url:http%3A%2F%2Fwww.ekonomickysoftver-dynamicsnav.sk%2Foffice365-co-je-to%2F||target:%20_blank|&#8220;][\/vc_column_inner][\/vc_row_inner][\/vc_column][\/vc_row][vc_row][vc_column offset=&#8220;vc_hidden-lg&#8220;][vc_row_inner css=&#8220;.vc_custom_1569841110362{background-image: url(\/erp\/wp-content\/uploads\/sites\/3\/2019\/04\/red_slice.png?id=28) !important;background-position: center !important;background-repeat: no-repeat !important;background-size: cover !important;}&#8220;][vc_column_inner offset=&#8220;vc_hidden-lg&#8220;][vc_icon type=&#8220;fontawesome&#8220; icon_fontawesome=&#8220;fa fa-hand-o-down&#8220; color=&#8220;white&#8220; background_style=&#8220;rounded&#8220; background_color=&#8220;custom&#8220; size=&#8220;lg&#8220; align=&#8220;center&#8220; css_animation=&#8220;slideInDown&#8220; custom_background_color=&#8220;rgba(0,0,0,0.01)&#8220; css=&#8220;.vc_custom_1569847502828{padding-top: 20% !important;}&#8220;][vc_custom_heading text=&#8220;Blog&#8220; font_container=&#8220;tag:h2|font_size:40|text_align:center|color:%23ffffff&#8220; use_theme_fonts=&#8220;yes&#8220; link=&#8220;url:http%3A%2F%2Fwww.ekonomickysoftver-dynamicsnav.sk%2F||target:%20_blank|&#8220; css=&#8220;.vc_custom_1569841245265{margin-top: -35px !important;}&#8220;][vc_custom_heading text=&#8220;Office365 &#8211; ove\u013ea viac, ako len aplik\u00e1cie z kancel\u00e1rskeho bal\u00edka Office&#8220; font_container=&#8220;tag:h2|font_size:30|text_align:center|color:%23ffffff&#8220; use_theme_fonts=&#8220;yes&#8220;][\/vc_column_inner][\/vc_row_inner][\/vc_column][\/vc_row][vc_row full_width=&#8220;stretch_row_content&#8220;][vc_column css=&#8220;.vc_custom_1573043595090{padding-top: 4% !important;padding-bottom: 2% !important;}&#8220;][vc_row_inner container_type=&#8220;fluid&#8220;][vc_column_inner width=&#8220;1\/3&#8243; css=&#8220;.vc_custom_1573046135139{padding-right: 7% !important;padding-left: 7% !important;}&#8220;][vc_custom_heading text=&#8220;Office 365 Business&#8220; font_container=&#8220;tag:h2|font_size:32|text_align:left|color:%23ec2026&#8243; use_theme_fonts=&#8220;yes&#8220;][vc_column_text]Integrovan\u00e9 rie\u0161enie najide\u00e1lnej\u0161ie pre mal\u00e9 a stredn\u00e9 podniky. Sp\u00e1ja v sebe \u0161pi\u010dkov\u00e9 aplik\u00e1cie. Na podporu produktivity s pokro\u010dil\u00fdmi mo\u017enos\u0165ami zabezpe\u010denia na ochranu \u00fadajov pred hrozbami zvonku a lep\u0161iu ochranu pred \u00fanikom \u00fadajov. S bal\u00edkom Office 365 Business umo\u017enite svojim zamestnancom dosahova\u0165 vysok\u00fa produktivitu odkia\u013eko\u013evek z ak\u00e9hoko\u013evek zariadenia.[\/vc_column_text][\/vc_column_inner][vc_column_inner width=&#8220;1\/3&#8243; css=&#8220;.vc_custom_1573040316105{padding-right: 3% !important;padding-left: 7% !important;}&#8220;][vc_custom_heading text=&#8220;Aplik\u00e1cie bal\u00edka Office, ktor\u00e9 s\u00fa s\u00fa\u010das\u0165ou&#8220; font_container=&#8220;tag:h2|font_size:22|text_align:center|color:%23505050&#8243; use_theme_fonts=&#8220;yes&#8220;][vc_single_image image=&#8220;1510&#8243; img_size=&#8220;full&#8220; alignment=&#8220;center&#8220;][\/vc_column_inner][vc_column_inner width=&#8220;1\/3&#8243; css=&#8220;.vc_custom_1573040329666{padding-right: 7% !important;padding-left: 3% !important;}&#8220;][vc_custom_heading text=&#8220;Slu\u017eby, ktor\u00e9 s\u00fa s\u00fa\u010das\u0165ou&#8220; font_container=&#8220;tag:h2|font_size:22|text_align:center|color:%23505050&#8243; use_theme_fonts=&#8220;yes&#8220;][vc_single_image image=&#8220;1517&#8243; img_size=&#8220;full&#8220; alignment=&#8220;center&#8220;][\/vc_column_inner][\/vc_row_inner][\/vc_column][\/vc_row][vc_row full_width=&#8220;stretch_row_content&#8220; css=&#8220;.vc_custom_1573043509150{background-color: #dddddd !important;}&#8220;][vc_column css=&#8220;.vc_custom_1573043752413{padding-top: 4% !important;padding-bottom: 2% !important;}&#8220; offset=&#8220;vc_hidden-md vc_hidden-sm vc_hidden-xs&#8220;][vc_row_inner container_type=&#8220;fluid&#8220;][vc_column_inner width=&#8220;1\/3&#8243; css=&#8220;.vc_custom_1573046488986{padding-right: 7% !important;padding-left: 7% !important;}&#8220;][vc_custom_heading text=&#8220;Office 365 Business Premium&#8220; font_container=&#8220;tag:h2|font_size:32|text_align:left|color:%23ec2026&#8243; use_theme_fonts=&#8220;yes&#8220;][vc_column_text]Office 365 Business Premium je viac ne\u017e len Word, Excel alebo Outlook. Z\u00edskate v\u00fdkonn\u00e9 slu\u017eby zah\u0155\u0148aj\u00face podnikov\u00fd e-mail, online ukladac\u00ed priestor a rie\u0161enia na t\u00edmov\u00fa spolupr\u00e1cu, samozrejme s pr\u00edstupom odkia\u013eko\u013evek. Sp\u00e1ja t\u00edmy a zdroje s rie\u0161eniami, v\u010faka ktor\u00fdm je spolo\u010dn\u00e1 pr\u00e1ca produkt\u00edvnej\u0161ia a pr\u00edjemnej\u0161ia. Automatick\u00e9 aktualiz\u00e1cie zaru\u010duj\u00fa dostupnos\u0165 najnov\u0161\u00edch a v\u017edy aktu\u00e1lnych funkci\u00ed.[\/vc_column_text][\/vc_column_inner][vc_column_inner width=&#8220;1\/3&#8243; css=&#8220;.vc_custom_1573046516850{padding-right: 3% !important;padding-left: 7% !important;}&#8220;][vc_custom_heading text=&#8220;Aplik\u00e1cie bal\u00edka Office, ktor\u00e9 s\u00fa s\u00fa\u010das\u0165ou&#8220; font_container=&#8220;tag:h2|font_size:22|text_align:center|color:%23505050&#8243; use_theme_fonts=&#8220;yes&#8220;][vc_single_image image=&#8220;1510&#8243; img_size=&#8220;full&#8220; alignment=&#8220;center&#8220;][\/vc_column_inner][vc_column_inner width=&#8220;1\/3&#8243; css=&#8220;.vc_custom_1573046593402{padding-right: 7% !important;padding-left: 3% !important;}&#8220;][vc_custom_heading text=&#8220;Slu\u017eby, ktor\u00e9 s\u00fa s\u00fa\u010das\u0165ou&#8220; font_container=&#8220;tag:h2|font_size:22|text_align:center|color:%23505050&#8243; use_theme_fonts=&#8220;yes&#8220;][vc_single_image image=&#8220;1511&#8243; img_size=&#8220;full&#8220; alignment=&#8220;center&#8220;][\/vc_column_inner][\/vc_row_inner][\/vc_column][\/vc_row][vc_row full_width=&#8220;stretch_row_content&#8220; css=&#8220;.vc_custom_1573043509150{background-color: #dddddd !important;}&#8220;][vc_column css=&#8220;.vc_custom_1573043761143{padding-top: 4% !important;padding-bottom: 2% !important;}&#8220; offset=&#8220;vc_hidden-lg&#8220;][vc_row_inner container_type=&#8220;fluid&#8220;][vc_column_inner css=&#8220;.vc_custom_1573040469186{padding-right: 3% !important;padding-left: 7% !important;}&#8220;][vc_custom_heading text=&#8220;Office 365 Business Premium&#8220; font_container=&#8220;tag:h2|font_size:32|text_align:left|color:%23ec2026&#8243; use_theme_fonts=&#8220;yes&#8220;][vc_column_text]Office 365 Business Premium je viac ne\u017e len Word, Excel aleob Outlook. S Office 365 Business Premium z\u00edskate v\u00fdkonn\u00e9 slu\u017eby zah\u0155\u0148aj\u00face podnikov\u00fd e-mail, online ukladac\u00ed priestor a rie\u0161enia na t\u00edmov\u00fa spolupr\u00e1cu, samozrejme s pr\u00edstupom odkia\u013eko\u013evek. Sp\u00e1ja t\u00edmy a zdroje s rie\u0161eniami, v\u010faka ktor\u00fdm je spolo\u010dn\u00e1 pr\u00e1ca produkt\u00edvnej\u0161ia a pr\u00edjemnej\u0161ia. Automatick\u00e9 aktualiz\u00e1cie zaru\u010duj\u00fa dostupnos\u0165 najnov\u0161\u00edch a v\u017edy aktu\u00e1lnych funkci\u00ed.[\/vc_column_text][vc_custom_heading text=&#8220;Aplik\u00e1cie bal\u00edka Office, ktor\u00e9 s\u00fa s\u00fa\u010das\u0165ou&#8220; font_container=&#8220;tag:h2|font_size:22|text_align:center|color:%23505050&#8243; use_theme_fonts=&#8220;yes&#8220;][vc_single_image image=&#8220;1510&#8243; img_size=&#8220;full&#8220; alignment=&#8220;center&#8220;][vc_custom_heading text=&#8220;Slu\u017eby, ktor\u00e9 s\u00fa s\u00fa\u010das\u0165ou&#8220; font_container=&#8220;tag:h2|font_size:22|text_align:center|color:%23505050&#8243; use_theme_fonts=&#8220;yes&#8220;][vc_single_image image=&#8220;1511&#8243; img_size=&#8220;full&#8220; alignment=&#8220;center&#8220;][\/vc_column_inner][\/vc_row_inner][\/vc_column][\/vc_row][vc_row full_width=&#8220;stretch_row_content&#8220;][vc_column css=&#8220;.vc_custom_1573043619166{padding-top: 4% !important;padding-bottom: 2% !important;}&#8220;][vc_row_inner container_type=&#8220;fluid&#8220;][vc_column_inner width=&#8220;1\/3&#8243; css=&#8220;.vc_custom_1573046309217{padding-right: 7% !important;padding-left: 7% !important;}&#8220;][vc_custom_heading text=&#8220;Office 365 Business Essentials&#8220; font_container=&#8220;tag:h2|font_size:32|text_align:left|color:%23ec2026&#8243; use_theme_fonts=&#8220;yes&#8220;][vc_column_text]Ide\u00e1lne pre podniky, ktor\u00e9 potrebuj\u00fa pou\u017e\u00edva\u0165 n\u00e1stroje Office kdeko\u013evek a na v\u0161etk\u00fdch zariadeniach.<\/p>\n<p>Pristupujte on-line k dokumentom, e-mailom, kontaktom a kalend\u00e1rom vo v\u0161etk\u00fdch svojich zariadeniach. Bu\u010fte v spojen\u00ed so z\u00e1kazn\u00edkmi alebo kolegami. Jedn\u00fdm kliknut\u00edm sa ktoko\u013evek v r\u00e1mci alebo mimo va\u0161ej spolo\u010dnosti m\u00f4\u017ee pripoji\u0165 k va\u0161ej online sch\u00f4dzi z \u013eubovo\u013en\u00e9ho zariadenia. Za\u010dnite s\u00fakromn\u00fd alebo skupinov\u00fd chat, zdie\u013eajte s\u00fabory alebo spolupracujte na obsahu. S Office 365 Business Essentials z\u00edskate maxim\u00e1lnu flexibilitu.[\/vc_column_text][\/vc_column_inner][vc_column_inner width=&#8220;1\/3&#8243; css=&#8220;.vc_custom_1573046650706{padding-right: 3% !important;padding-left: 7% !important;}&#8220;][vc_custom_heading text=&#8220;Aplik\u00e1cie bal\u00edka Office, ktor\u00e9 s\u00fa s\u00fa\u010das\u0165ou&#8220; font_container=&#8220;tag:h2|font_size:22|text_align:center|color:%23505050&#8243; use_theme_fonts=&#8220;yes&#8220;][vc_column_text css=&#8220;.vc_custom_1573043052578{padding-top: 5% !important;}&#8220;]<\/p>\n<p>&nbsp;<\/p>\n<p>&nbsp;<\/p>\n<p style=\"text-align: center\">(Iba webov\u00e9 a mobiln\u00e9 verzie)<\/p>\n<p>[\/vc_column_text][\/vc_column_inner][vc_column_inner width=&#8220;1\/3&#8243; css=&#8220;.vc_custom_1573046587074{padding-right: 7% !important;padding-left: 3% !important;}&#8220;][vc_custom_heading text=&#8220;Slu\u017eby, ktor\u00e9 s\u00fa s\u00fa\u010das\u0165ou&#8220; font_container=&#8220;tag:h2|font_size:22|text_align:center|color:%23505050&#8243; use_theme_fonts=&#8220;yes&#8220;][vc_single_image image=&#8220;1511&#8243; img_size=&#8220;full&#8220; alignment=&#8220;center&#8220;][\/vc_column_inner][\/vc_row_inner][\/vc_column][\/vc_row]<\/p>\n<\/div>","protected":false},"excerpt":{"rendered":"<p>[vc_row full_width=&#8220;stretch_row_content&#8220; content_placement=&#8220;middle&#8220;][vc_column css=&#8220;.vc_custom_1569499548456{padding-top: 10% !important;padding-bottom: 12% !important;background-image: url(\/erp\/wp-content\/uploads\/sites\/3\/2019\/05\/bg-office-365.jpg?id=307) !important;background-position: center !important;background-repeat: no-repeat !important;background-size: cover !important;}&#8220; offset=&#8220;vc_hidden-sm vc_hidden-xs&#8220;][vc_row_inner container_type=&#8220;fluid&#8220;][vc_column_inner width=&#8220;1\/2&#8243;][\/vc_column_inner][vc_column_inner width=&#8220;1\/2&#8243;][vc_custom_heading text=&#8220;Microsoft Office 365&#8243; font_container=&#8220;tag:h1|font_size:60|text_align:center|color:%23505050&#8243; use_theme_fonts=&#8220;yes&#8220;][\/vc_column_inner][\/vc_row_inner][\/vc_column][\/vc_row][vc_row full_width=&#8220;stretch_row_content&#8220; content_placement=&#8220;middle&#8220;][vc_column css=&#8220;.vc_custom_1569499595485{margin-bottom: 4% !important;background-image: url(\/erp\/wp-content\/uploads\/sites\/3\/2019\/05\/bg-office-365.jpg?id=307) !important;background-position: center !important;background-repeat: no-repeat !important;background-size: cover !important;}&#8220; offset=&#8220;vc_hidden-lg vc_hidden-md&#8220;][vc_row_inner container_type=&#8220;fluid&#8220;][vc_column_inner width=&#8220;1\/2&#8243;][\/vc_column_inner][vc_column_inner width=&#8220;1\/2&#8243; css=&#8220;.vc_custom_1569847614023{padding-top: 25% !important;padding-bottom: 15% !important;}&#8220;][vc_custom_heading text=&#8220;Microsoft Office 365&#8243; font_container=&#8220;tag:h1|font_size:30|text_align:right|color:%23505050&#8243; use_theme_fonts=&#8220;yes&#8220;][\/vc_column_inner][\/vc_row_inner][\/vc_column][\/vc_row][vc_row full_width=&#8220;stretch_row_content&#8220;][vc_column&hellip;<\/p>\n","protected":false},"author":1,"featured_media":0,"parent":141,"menu_order":0,"comment_status":"closed","ping_status":"closed","template":"","meta":{"_acf_changed":false,"footnotes":""},"acf":[],"_links":{"self":[{"href":"https:\/\/www.telegrafia.sk\/erp\/wp-json\/wp\/v2\/pages\/148"}],"collection":[{"href":"https:\/\/www.telegrafia.sk\/erp\/wp-json\/wp\/v2\/pages"}],"about":[{"href":"https:\/\/www.telegrafia.sk\/erp\/wp-json\/wp\/v2\/types\/page"}],"author":[{"embeddable":true,"href":"https:\/\/www.telegrafia.sk\/erp\/wp-json\/wp\/v2\/users\/1"}],"replies":[{"embeddable":true,"href":"https:\/\/www.telegrafia.sk\/erp\/wp-json\/wp\/v2\/comments?post=148"}],"version-history":[{"count":117,"href":"https:\/\/www.telegrafia.sk\/erp\/wp-json\/wp\/v2\/pages\/148\/revisions"}],"predecessor-version":[{"id":4045,"href":"https:\/\/www.telegrafia.sk\/erp\/wp-json\/wp\/v2\/pages\/148\/revisions\/4045"}],"up":[{"embeddable":true,"href":"https:\/\/www.telegrafia.sk\/erp\/wp-json\/wp\/v2\/pages\/141"}],"wp:attachment":[{"href":"https:\/\/www.telegrafia.sk\/erp\/wp-json\/wp\/v2\/media?parent=148"}],"curies":[{"name":"wp","href":"https:\/\/api.w.org\/{rel}","templated":true}]}}